 7*s - 32 = x*s. Calculate the remainder when 23 is divided by s.
7
Suppose -4*d - 5*x = 0, 4*d - 3*x - x = -36. What is the remainder when (2/(-6))/(d/495) is divided by 12?
9
Let w(x) = 3*x - 3. Let a(s) = s - 1. Let l(c) = 8*a(c) - 3*w(c). Let b be l(-3). Calculate the remainder when b/26 - 33/(-39) is divided by 1.
0
Calculate the remainder when (0 + -3 - -212) + 0 - 1 is divided by 15.
13
Let a(o) = -2*o**3 - 16*o**2 - o + 4. Let b be a(-8). Suppose -40 = -7*h - b. Let u = -1 - -11. Calculate the remainder when u is divided by h.
2
Let i(d) = -d. Let c(k) = -k**2 + 3*k + 13. Let r be c(7). Calculate the remainder when r*-4*1/5 is divided by i(-5).
2
Let f(p) = 4*p + 5. Let i be f(-5). Let y = -13 - i. Suppose -y*x + 18 = 8. Calculate the remainder when 17 is divided by x.
2
What is the remainder when 202 is divided by 3/5 + (-1995)/(-175)?
10
Suppose -4*g = -g - 252. Calculate the remainder when g is divided by 23.
15
Let a = -211 + 352. What is the remainder when a is divided by 29?
25
Let s = 1043 - 1023. What is the remainder when 60 is divided by s?
0
What is the remainder when 19 is divided by (-2 - 0)/(6 - (-96)/(-15))?
4
Let l be (3 - (-84)/(-30)) + 828/10. Calculate the remainder when (-3 - (2 - 3))*l/(-2) is divided by 28.
27
Let f = 135 - 116. What is the remainder when 33 is divided by f?
14
Suppose -n = 2, -2*n - 18 = -4*z + n. What is the remainder when 1/(-1) - -1 - (0 - 7) is divided by z?
1
Suppose p - 36 = -3*k, -4*k + 0*k - 180 = -5*p. Let l be 90/8 + (-9)/p. Suppose 3*u - 13 - l = 0. Calculate the remainder when 31 is divided by u.
7
Suppose 67 = 4*q + 7. Suppose -2*j + 30 = 5*w, -w + 9 = -4*j + 5*j. Calculate the remainder when 55 is divided by (q + w)*(-1)/(-1).
17
Let y(o) = -10*o**2 - 162*o + 25. Let q(t) = -t + 111. What is the remainder when q(0) is divided by y(-16)?
54
Suppose -32*i + 94 = -66. Suppose -3*q + 59 = 4*v, 5*v = 4*q + 70 + 27. Calculate the remainder when v is divided by i.
2
Let u(z) = -z**2 + 4*z - 9. Let g be u(10). Calculate the remainder when 64 is divided by (1 - -1)/(-2 - 144/g).
18
Let u = -1637 - -1641. What is the remainder when 383 is divided by u?
3
Let x(a) = a**3 + 2*a**2 - 3*a. Let j be x(2). Calculate the remainder when (-15)/j*188/(-6) is divided by 12.
11
Let v be 4/((8 + -4)/176). Let u = 247 - v. Calculate the remainder when u is divided by 18.
17
Suppose 915 = -3*o + 1065. Let c = -3 + 6. What is the remainder when o is divided by 78/(-4)*(-2)/c?
11
What is the remainder when 10*-1 - (3 - 325) is divided by 25?
12
Let b = 24 - 19. Suppose b*a = -0*a + 2*h + 17, 2*a + 5*h = 30. Let s(u) = -u**3 + 5*u**2 + 6*u - 3. Calculate the remainder when s(a) is divided by 15.
12
Suppose -5*y - 121 = 174. Let k = -11 - y. What is the remainder when k is divided by 25?
23
Let u = 117 + -31. Suppose 3*w - 2*w + u = 3*b, -125 = -5*b - 2*w. Calculate the remainder when b is divided by 14.
13
Let i(f) = f**3 + 2*f - 2. Let u be i(2). Suppose -z = z + u. Let s = z - -10. Calculate the remainder when 14 is divided by s.
4
Suppose -3*a = -3*g, -2*g = -4*a - 0 + 2. Calculate the remainder when 21 is divided by a.
0
Let s(w) = 3*w**3 - 2*w + 2. Let k be s(2). Let b = -16 + k. Calculate the remainder when 20 is divided by b.
2
Let g(x) = x**3 - 17*x**2 + 44*x - 13. Calculate the remainder when 85 is divided by g(14).
10
Let q = -10 - 5. Let v = 3 + 5. What is the remainder when (q/12)/((-2)/24) is divided by v?
7
Suppose 4*w + 14 = -102. Let n = w + 35. What is the remainder when n is divided by 2?
0
Let a(h) = 6*h**2 - 20*h + 30. What is the remainder when a(9) is divided by 10?
6
Let d be (-4 - -3) + 5 + -5. Let o = 28 + d. Calculate the remainder when 107 is divided by o.
26
Suppose 144 = -3*j + 5*j. Calculate the remainder when j is divided by 299 + -257 - -1*(-5)/1.
35
Suppose -1930 + 8006 = 49*m. What is the remainder when 244 is divided by m?
120
Let i = -3 + 15. What is the remainder when 67 is divided by (-417)/(-18) - 2/i?
21
Let h = -251 - -2222. What is the remainder when h is divided by 47?
44
Suppose -5*b = -54 - 21. Suppose -160 = -0*d - 2*d + 4*u, -2*u - 6 = 0. What is the remainder when d is divided by b?
14
Suppose -148 = -p + 2*m - 43, -2*p = 5*m - 192. What is the remainder when p is divided by 14?
3
Suppose 3*d - 8*k = -5*k + 810, 0 = -3*k - 12. Calculate the remainder when d is divided by 69.
59
Calculate the remainder when (-111 + (-40)/8)*-1 is divided by 46.
24
Let d be 22/55 - 698/(-5). Suppose -6*q + d = -q. What is the remainder when q is divided by 16?
12
Let t be 142/(-7) + -4 - (-6)/21. What is the remainder when 276/(-8)*t/18 is divided by 8?
6
Let w = 645 + -631. Calculate the remainder when w is divided by 14.
0
Let h = 61 + -42. Let y = 9 + -7. Suppose -y*g + 76 = -2*x, 3*g + 5*x - 75 = 7. What is the remainder when g is divided by h?
15
Let s(y) = -y**3 + 19*y**2 - 74*y + 6. Calculate the remainder when s(12) is divided by 42.
0
Suppose -3*t - 18 = -4*t. Let g be (1 - 18/14) + (-16)/(-7). Suppose 0 = -0*k - g*k + t. What is the remainder when 43 is divided by k?
7
Suppose c - 2 = 2*h + 3*c, -2*c - 10 = 0. Suppose -q + 6*q + 10 = 0, 3*q = -h*s + 38. Calculate the remainder when 21 is divided by s.
10
Let m(q) = -q**2 + 17*q + 2. Let g be m(17). What is the remainder when g - (3 + -2 + -94) is divided by 8?
7
Let k = -99 - -153. Suppose -2*d = -3*r + 84, 2*r - d = -13 + 69. Calculate the remainder when k is divided by r.
26
Let y = 11 - 3. Suppose 93 = 2*b + 23. What is the remainder when b is divided by y + (-3 + 4 - -1)?
5
Let p(o) = -o**3 + 14*o**2 + 14*o - 21. Let y be p(14). Suppose -5*q = -3*f - f + y, 3*f - 3*q - 135 = 0. Calculate the remainder when f is divided by 17.
16
Suppose 2*w - 4*d = 132, 162 = 5*w + d - 179. Calculate the remainder when w is divided by 46.
22
Let r(d) = d**3 + 15*d**2 - d + 270. Suppose 2*n + 2*n = 0. Let g(m) = -m**3 - m**2 + 88. Calculate the remainder when g(n) is divided by r(-16).
28
Suppose -5*s = -2*c - 770, -3*s + s = -5*c - 287. What is the remainder when s is divided by 37?
8
Calculate the remainder when (-10)/6 + 1624/87 is divided by 10.
7
What is the remainder when (-49)/42*-51*12/3 is divided by 61?
55
Let o = 211 + -208. Calculate the remainder when 13 is divided by o.
1
What is the remainder when (1*15)/(1/(128/24)) is divided by 28?
24
Suppose -2*i = 0, 2*b - i - 2*i = 50. What is the remainder when (-3)/(-2) - 2123/(-22) is divided by b?
23
Let k(h) = 13*h - 1 - 18*h + 4*h + 13*h**2. Calculate the remainder when 48 is divided by k(-1).
9
Suppose 0 = -0*v - 4*v + 60. Let x = v - 5. Let g(u) = u**2 - 29*u + 181. What is the remainder when g(22) is divided by x?
7
Let w be (-3 + 13)/((10/36)/5). Calculate the remainder when 117 is divided by (w/(-105))/((8/70)/(-2)).
27
Let x be 282/2 - (3 + -6). Let h = x + -99. Suppose -9 = -3*g, -h = -2*v + g - 14. What is the remainder when 32 is divided by v?
15
Suppose -d + 1 = b, -5*b + b + 7 = 5*d. Suppose d*i + 5 = -4. Calculate the remainder when 19 is divided by -1*(3 - (i - -17)).
8
Let b = 311 + -280. Calculate the remainder when 134 is divided by b.
10
Let z(s) = -s + 5 - 3 + 9 + 6*s. Calculate the remainder when z(5) is divided by 20.
16
Let w(i) be the third derivative of 1/12*i**4 + 2/3*i**3 + 0*i + 2*i**2 + 0 + 1/60*i**5. Calculate the remainder when w(-4) is divided by 5.
2
Let i = 38 - 22. Let x(f) = 12*f**2 - 11*f - 23. Let s = 25 + -27. Calculate the remainder when x(s) is divided by i.
15
Let x be 22/8 + (-2)/(-8). Suppose 83 + 34 = x*c. Suppose d - c = -2*d. What is the remainder when d is divided by 7?
6
Let j(t) = -20*t - 27. What is the remainder when j(-8) is divided by 23?
18
Let a(i) = -i**3 + 3*i**2 - i. Let y be a(2). Suppose y*b + 2 = 30. Suppose 5*o - 63 = -23. What is the remainder when b is divided by o?
6
Let r(n) = n**3 + 33*n**2 + 61*n - 15. What is the remainder when 75 is divided by r(-31)?
11
Let g(t) = -6*t - 6. Let n be g(-1). Suppose 5*m = a + 30, n*m - m - 5*a = -32. What is the remainder when 46 is divided by m?
4
Suppose 15*d - 396 = 9*d. What is the remainder when -2*(-6)/d + 5122/22 is divided by 39?
38
Let i(x) = -x**2 - 1. Let a(u) = 3*u**2 + 3*u - 8. Let n(k) = -a(k) - 2*i(k). What is the remainder when n(-3) is divided by 2?
0
Le